{"id":1476,"date":"2026-01-14T09:36:39","date_gmt":"2026-01-14T09:36:39","guid":{"rendered":"https:\/\/www.kamas.at\/?post_type=product&#038;p=1476"},"modified":"2026-02-22T08:57:58","modified_gmt":"2026-02-22T08:57:58","slug":"premium-box-1","status":"publish","type":"product","link":"https:\/\/www.kamas.at\/en\/produkt\/premium-box-1\/","title":{"rendered":"Premium Box New"},"content":{"rendered":"<p>Unsere Kosmetiklinie mit Eselsmilch ist unser absoluter Bestseller. Deshalb bieten wir Ihnen zum besten Preis ein wundersch\u00f6nes Geschenkset f\u00fcr Gesicht und K\u00f6rper an, das sich selbst f\u00fcr empfindlichste Haut eignet. Testen Sie es selbst oder verschenken Sie es!<\/p>\n<p>Das Set enth\u00e4lt eine K\u00f6rperlotion, die dank der pflegenden Eigenschaften von Eselsmilch die Haut seidig weich macht, Juckreiz und Schuppenbildung sp\u00fcrbar lindert und als nat\u00fcrliches Anti-Aging-Produkt ohne Reizstoffe wirkt. Der Milchgeruch wird von den zarten Aromen von Waldfr\u00fcchten und Gardenie im Gel sowie dem nat\u00fcrlichen Duft von Immortelle und S\u00fc\u00dforange aus eigener Plantage \u00fcberdeckt.<\/p>\n<p>Das Highlight des Sets ist unsere Gesichtscreme mit Eselsmilch. Neben Eselsmilch von unserem Hof \u200b\u200bist die Creme mit Sheabutter angereichert, die den Feuchtigkeitsverlust der Haut verhindert und sie mit Feuchtigkeit versorgt. Oliven\u00f6l liefert Antioxidantien, wirkt entz\u00fcndungshemmend und f\u00f6rdert die Hautregeneration. Aloe vera und die Immortelle z\u00e4hlen traditionell zu den langanhaltend beruhigenden Inhaltsstoffen. Die Creme beruhigt Ihre Haut daher zus\u00e4tzlich bei Ihrer morgendlichen und abendlichen Pflegeroutine.<\/p>\n<p>Die Gesichtscreme hat eine sanfte und geschmeidige Textur und verstr\u00f6mt beim Auftragen einen nat\u00fcrlichen Zitrusduft, vermischt mit dem Duft der Immortelle. Diese Kombination wird alle Liebhaber nat\u00fcrlicher D\u00fcfte beleben und Ihre Sch\u00f6nheitsrituale bereichern.<\/p>\n<p>Die Premium-Box ist die ideale M\u00f6glichkeit, den unaufdringlichen Luxus heimischer Kosmetik zu erleben \u2013 von Hand gefertigt bis hin zu Ihrer Haut.<\/p>\n","protected":false},"excerpt":{"rendered":"<p>Unsere Kosmetiklinie mit Eselsmilch ist unser absoluter Verkaufsschlager. Deshalb haben wir beschlossen, dass Sie sie zum besten Preis ausprobieren oder in einem wundersch\u00f6nen Geschenkset f\u00fcr Gesicht und K\u00f6rper verschenken k\u00f6nnen, das selbst f\u00fcr die empfindlichste Haut im Gesicht und am K\u00f6rper geeignet ist.<\/p>\n","protected":false},"featured_media":1636,"comment_status":"open","ping_status":"closed","template":"","meta":{"_acf_changed":false},"product_brand":[],"product_cat":[20,70,71,76],"product_tag":[],"class_list":{"0":"post-1476","1":"product","2":"type-product","3":"status-publish","4":"has-post-thumbnail","6":"product_cat-hygiene-kosmetik","7":"product_cat-neu-produkte","8":"product_cat-sale","9":"product_cat-set","11":"first","12":"instock","13":"taxable","14":"shipping-taxable","15":"purchasable","16":"product-type-simple"},"acf":[],"jetpack_sharing_enabled":true,"_links":{"self":[{"href":"https:\/\/www.kamas.at\/en\/wp-json\/wp\/v2\/product\/1476","targetHints":{"allow":["GET"]}}],"collection":[{"href":"https:\/\/www.kamas.at\/en\/wp-json\/wp\/v2\/product"}],"about":[{"href":"https:\/\/www.kamas.at\/en\/wp-json\/wp\/v2\/types\/product"}],"replies":[{"embeddable":true,"href":"https:\/\/www.kamas.at\/en\/wp-json\/wp\/v2\/comments?post=1476"}],"wp:featuredmedia":[{"embeddable":true,"href":"https:\/\/www.kamas.at\/en\/wp-json\/wp\/v2\/media\/1636"}],"wp:attachment":[{"href":"https:\/\/www.kamas.at\/en\/wp-json\/wp\/v2\/media?parent=1476"}],"wp:term":[{"taxonomy":"product_brand","embeddable":true,"href":"https:\/\/www.kamas.at\/en\/wp-json\/wp\/v2\/product_brand?post=1476"},{"taxonomy":"product_cat","embeddable":true,"href":"https:\/\/www.kamas.at\/en\/wp-json\/wp\/v2\/product_cat?post=1476"},{"taxonomy":"product_tag","embeddable":true,"href":"https:\/\/www.kamas.at\/en\/wp-json\/wp\/v2\/product_tag?post=1476"}],"curies":[{"name":"wp","href":"https:\/\/api.w.org\/{rel}","templated":true}]}}

<p>Unsere Kosmetiklinie mit Eselsmilch ist unser absoluter Bestseller. Deshalb bieten wir Ihnen zum besten Preis ein wunderschönes Geschenkset für Gesicht und Körper an, das sich selbst für empfindlichste Haut eignet. Testen Sie es selbst oder verschenken Sie es!</p>
<p>Das Set enthält eine Körperlotion, die dank der pflegenden Eigenschaften von Eselsmilch die Haut seidig weich macht, Juckreiz und Schuppenbildung spürbar lindert und als natürliches Anti-Aging-Produkt ohne Reizstoffe wirkt. Der Milchgeruch wird von den zarten Aromen von Waldfrüchten und Gardenie im Gel sowie dem natürlichen Duft von Immortelle und Süßorange aus eigener Plantage überdeckt.</p>
<p>Das Highlight des Sets ist unsere Gesichtscreme mit Eselsmilch. Neben Eselsmilch von unserem Hof ​​ist die Creme mit Sheabutter angereichert, die den Feuchtigkeitsverlust der Haut verhindert und sie mit Feuchtigkeit versorgt. Olivenöl liefert Antioxidantien, wirkt entzündungshemmend und fördert die Hautregeneration. Aloe vera und die Immortelle zählen traditionell zu den langanhaltend beruhigenden Inhaltsstoffen. Die Creme beruhigt Ihre Haut daher zusätzlich bei Ihrer morgendlichen und abendlichen Pflegeroutine.</p>
<p>Die Gesichtscreme hat eine sanfte und geschmeidige Textur und verströmt beim Auftragen einen natürlichen Zitrusduft, vermischt mit dem Duft der Immortelle. Diese Kombination wird alle Liebhaber natürlicher Düfte beleben und Ihre Schönheitsrituale bereichern.</p>
<p>Die Premium-Box ist die ideale Möglichkeit, den unaufdringlichen Luxus heimischer Kosmetik zu erleben – von Hand gefertigt bis hin zu Ihrer Haut.</p>

<p>Unsere Kosmetiklinie mit Eselsmilch ist unser absoluter Verkaufsschlager. Deshalb haben wir beschlossen, dass Sie sie zum besten Preis ausprobieren oder in einem wunderschönen Geschenkset für Gesicht und Körper verschenken können, das selbst für die empfindlichste Haut im Gesicht und am Körper geeignet ist.</p>
