{"id":1605,"date":"2026-01-14T12:37:34","date_gmt":"2026-01-14T12:37:34","guid":{"rendered":"https:\/\/www.kamas.at\/?post_type=product&#038;p=1605"},"modified":"2026-01-26T08:27:38","modified_gmt":"2026-01-26T08:27:38","slug":"lavendelbalsam-balsam-mit-aetherischem-lavendeloel-50-ml","status":"publish","type":"product","link":"https:\/\/www.kamas.at\/en\/produkt\/lavendelbalsam-balsam-mit-aetherischem-lavendeloel-50-ml\/","title":{"rendered":"Lavendelbalsam \u2013 Balsam mit \u00e4therischem Lavendel\u00f6l, 50 ml"},"content":{"rendered":"<p>INHALTSSTOFFE: Oliven\u00f6l, Bienenwachs, Lavendel\u00f6l\/-extrakt, Sonnenblumen\u00f6l, Rosmarinblattextrakt, Wasser, Dehydroessigs\u00e4ure, Linalool, Benzylalkohol, Limonen, Citronellol, Geraniol.<\/p>\n<p>WARNUNG: Nur zur \u00e4u\u00dferlichen Anwendung.<\/p>\n<p>AUFBEWAHRUNG: K\u00fchl, trocken und dunkel lagern. Au\u00dferhalb der Reichweite von Kindern aufbewahren.<\/p>\n","protected":false},"excerpt":{"rendered":"<p>Lavendel\u00f6l-Balsam<\/p>\n<p>Beruhigt gereizte Haut. Pflegt und sch\u00fctzt. Bei Bedarf auf die gereinigte, trockene Haut auftragen und sanft einmassieren.<\/p>\n","protected":false},"featured_media":1609,"comment_status":"open","ping_status":"closed","template":"","meta":{"_acf_changed":false},"product_brand":[],"product_cat":[20,70,71],"product_tag":[],"class_list":{"0":"post-1605","1":"product","2":"type-product","3":"status-publish","4":"has-post-thumbnail","6":"product_cat-hygiene-kosmetik","7":"product_cat-neu-produkte","8":"product_cat-sale","10":"first","11":"instock","12":"sale","13":"taxable","14":"shipping-taxable","15":"purchasable","16":"product-type-simple"},"acf":[],"jetpack_sharing_enabled":true,"_links":{"self":[{"href":"https:\/\/www.kamas.at\/en\/wp-json\/wp\/v2\/product\/1605","targetHints":{"allow":["GET"]}}],"collection":[{"href":"https:\/\/www.kamas.at\/en\/wp-json\/wp\/v2\/product"}],"about":[{"href":"https:\/\/www.kamas.at\/en\/wp-json\/wp\/v2\/types\/product"}],"replies":[{"embeddable":true,"href":"https:\/\/www.kamas.at\/en\/wp-json\/wp\/v2\/comments?post=1605"}],"wp:featuredmedia":[{"embeddable":true,"href":"https:\/\/www.kamas.at\/en\/wp-json\/wp\/v2\/media\/1609"}],"wp:attachment":[{"href":"https:\/\/www.kamas.at\/en\/wp-json\/wp\/v2\/media?parent=1605"}],"wp:term":[{"taxonomy":"product_brand","embeddable":true,"href":"https:\/\/www.kamas.at\/en\/wp-json\/wp\/v2\/product_brand?post=1605"},{"taxonomy":"product_cat","embeddable":true,"href":"https:\/\/www.kamas.at\/en\/wp-json\/wp\/v2\/product_cat?post=1605"},{"taxonomy":"product_tag","embeddable":true,"href":"https:\/\/www.kamas.at\/en\/wp-json\/wp\/v2\/product_tag?post=1605"}],"curies":[{"name":"wp","href":"https:\/\/api.w.org\/{rel}","templated":true}]}}

Lavendelbalsam – Balsam mit ätherischem Lavendelöl, 50 ml

<p>INHALTSSTOFFE: Olivenöl, Bienenwachs, Lavendelöl/-extrakt, Sonnenblumenöl, Rosmarinblattextrakt, Wasser, Dehydroessigsäure, Linalool, Benzylalkohol, Limonen, Citronellol, Geraniol.</p>
<p>WARNUNG: Nur zur äußerlichen Anwendung.</p>
<p>AUFBEWAHRUNG: Kühl, trocken und dunkel lagern. Außerhalb der Reichweite von Kindern aufbewahren.</p>

<p>Lavendelöl-Balsam</p>
<p>Beruhigt gereizte Haut. Pflegt und schützt. Bei Bedarf auf die gereinigte, trockene Haut auftragen und sanft einmassieren.</p>
